{"id":1147,"date":"2024-11-05T12:37:40","date_gmt":"2024-11-05T12:37:40","guid":{"rendered":"https:\/\/ucegamers.com.br\/novo\/?page_id=1147"},"modified":"2025-10-19T18:18:12","modified_gmt":"2025-10-19T18:18:12","slug":"masters","status":"publish","type":"page","link":"https:\/\/ucegamers.com.br\/novo\/masters\/","title":{"rendered":"Masters"},"content":{"rendered":"\t\t<div data-elementor-type=\"wp-page\" data-elementor-id=\"1147\" class=\"elementor elementor-1147\">\n\t\t\t\t\t\t\t<div class=\"elementor-element elementor-element-4142acc e-flex e-con-boxed e-con e-parent\" data-id=\"4142acc\" data-element_type=\"container\" data-settings=\"{&quot;content_width&quot;:&quot;boxed&quot;}\" data-core-v316-plus=\"true\">\n\t\t\t\t\t<div class=\"e-con-inner\">\n\t\t\t\t<div class=\"elementor-element elementor-element-b7b9552 elementor-widget elementor-widget-image\" data-id=\"b7b9552\" data-element_type=\"widget\" data-widget_type=\"image.default\">\n\t\t\t\t<div class=\"elementor-widget-container\">\n\t\t\t<style>\/*! elementor - v3.18.0 - 20-12-2023 *\/\n.elementor-widget-image{text-align:center}.elementor-widget-image a{display:inline-block}.elementor-widget-image a img[src$=\".svg\"]{width:48px}.elementor-widget-image img{vertical-align:middle;display:inline-block}<\/style>\t\t\t\t\t\t\t\t\t\t\t\t<img fetchpriority=\"high\" decoding=\"async\" width=\"820\" height=\"312\" src=\"https:\/\/ucegamers.com.br\/novo\/wp-content\/uploads\/2024\/11\/Topo-UCEG-Masters.png\" class=\"attachment-large size-large wp-image-1149\" alt=\"\" srcset=\"https:\/\/ucegamers.com.br\/novo\/wp-content\/uploads\/2024\/11\/Topo-UCEG-Masters.png 820w, https:\/\/ucegamers.com.br\/novo\/wp-content\/uploads\/2024\/11\/Topo-UCEG-Masters-300x114.png 300w, https:\/\/ucegamers.com.br\/novo\/wp-content\/uploads\/2024\/11\/Topo-UCEG-Masters-768x292.png 768w\" sizes=\"(max-width: 820px) 100vw, 820px\" \/>\t\t\t\t\t\t\t\t\t\t\t\t\t\t\t<\/div>\n\t\t\t\t<\/div>\n\t\t\t\t\t<\/div>\n\t\t\t\t<\/div>\n\t\t<div class=\"elementor-element elementor-element-43bb4c2 e-flex e-con-boxed e-con e-parent\" data-id=\"43bb4c2\" data-element_type=\"container\" data-settings=\"{&quot;content_width&quot;:&quot;boxed&quot;}\" data-core-v316-plus=\"true\">\n\t\t\t\t\t<div class=\"e-con-inner\">\n\t\t\t\t<div class=\"elementor-element elementor-element-0e2d0ed elementor-widget elementor-widget-heading\" data-id=\"0e2d0ed\" data-element_type=\"widget\" data-widget_type=\"heading.default\">\n\t\t\t\t<div class=\"elementor-widget-container\">\n\t\t\t<style>\/*! elementor - v3.18.0 - 20-12-2023 *\/\n.elementor-heading-title{padding:0;margin:0;line-height:1}.elementor-widget-heading .elementor-heading-title[class*=elementor-size-]>a{color:inherit;font-size:inherit;line-height:inherit}.elementor-widget-heading .elementor-heading-title.elementor-size-small{font-size:15px}.elementor-widget-heading .elementor-heading-title.elementor-size-medium{font-size:19px}.elementor-widget-heading .elementor-heading-title.elementor-size-large{font-size:29px}.elementor-widget-heading .elementor-heading-title.elementor-size-xl{font-size:39px}.elementor-widget-heading .elementor-heading-title.elementor-size-xxl{font-size:59px}<\/style><h2 class=\"elementor-heading-title elementor-size-default\">\u2014 UCEG MASTERS CHAMPIONSHIPS 2025 \u2014<\/h2>\t\t<\/div>\n\t\t\t\t<\/div>\n\t\t\t\t\t<\/div>\n\t\t\t\t<\/div>\n\t\t<div class=\"elementor-element elementor-element-7931a57 e-flex e-con-boxed e-con e-parent\" data-id=\"7931a57\" data-element_type=\"container\" data-settings=\"{&quot;content_width&quot;:&quot;boxed&quot;}\" data-core-v316-plus=\"true\">\n\t\t\t\t\t<div class=\"e-con-inner\">\n\t\t\t\t<div class=\"elementor-element elementor-element-295c976 elementor-widget-divider--view-line elementor-widget elementor-widget-divider\" data-id=\"295c976\" data-element_type=\"widget\" data-widget_type=\"divider.default\">\n\t\t\t\t<div class=\"elementor-widget-container\">\n\t\t\t<style>\/*! elementor - v3.18.0 - 20-12-2023 *\/\n.elementor-widget-divider{--divider-border-style:none;--divider-border-width:1px;--divider-color:#0c0d0e;--divider-icon-size:20px;--divider-element-spacing:10px;--divider-pattern-height:24px;--divider-pattern-size:20px;--divider-pattern-url:none;--divider-pattern-repeat:repeat-x}.elementor-widget-divider .elementor-divider{display:flex}.elementor-widget-divider .elementor-divider__text{font-size:15px;line-height:1;max-width:95%}.elementor-widget-divider .elementor-divider__element{margin:0 var(--divider-element-spacing);flex-shrink:0}.elementor-widget-divider .elementor-icon{font-size:var(--divider-icon-size)}.elementor-widget-divider .elementor-divider-separator{display:flex;margin:0;direction:ltr}.elementor-widget-divider--view-line_icon .elementor-divider-separator,.elementor-widget-divider--view-line_text .elementor-divider-separator{align-items:center}.elementor-widget-divider--view-line_icon .elementor-divider-separator:after,.elementor-widget-divider--view-line_icon .elementor-divider-separator:before,.elementor-widget-divider--view-line_text .elementor-divider-separator:after,.elementor-widget-divider--view-line_text .elementor-divider-separator:before{display:block;content:\"\";border-bottom:0;flex-grow:1;border-top:var(--divider-border-width) var(--divider-border-style) var(--divider-color)}.elementor-widget-divider--element-align-left .elementor-divider .elementor-divider-separator>.elementor-divider__svg:first-of-type{flex-grow:0;flex-shrink:100}.elementor-widget-divider--element-align-left .elementor-divider-separator:before{content:none}.elementor-widget-divider--element-align-left .elementor-divider__element{margin-left:0}.elementor-widget-divider--element-align-right .elementor-divider .elementor-divider-separator>.elementor-divider__svg:last-of-type{flex-grow:0;flex-shrink:100}.elementor-widget-divider--element-align-right .elementor-divider-separator:after{content:none}.elementor-widget-divider--element-align-right .elementor-divider__element{margin-right:0}.elementor-widget-divider:not(.elementor-widget-divider--view-line_text):not(.elementor-widget-divider--view-line_icon) .elementor-divider-separator{border-top:var(--divider-border-width) var(--divider-border-style) var(--divider-color)}.elementor-widget-divider--separator-type-pattern{--divider-border-style:none}.elementor-widget-divider--separator-type-pattern.elementor-widget-divider--view-line .elementor-divider-separator,.elementor-widget-divider--separator-type-pattern:not(.elementor-widget-divider--view-line) .elementor-divider-separator:after,.elementor-widget-divider--separator-type-pattern:not(.elementor-widget-divider--view-line) .elementor-divider-separator:before,.elementor-widget-divider--separator-type-pattern:not([class*=elementor-widget-divider--view]) .elementor-divider-separator{width:100%;min-height:var(--divider-pattern-height);-webkit-mask-size:var(--divider-pattern-size) 100%;mask-size:var(--divider-pattern-size) 100%;-webkit-mask-repeat:var(--divider-pattern-repeat);mask-repeat:var(--divider-pattern-repeat);background-color:var(--divider-color);-webkit-mask-image:var(--divider-pattern-url);mask-image:var(--divider-pattern-url)}.elementor-widget-divider--no-spacing{--divider-pattern-size:auto}.elementor-widget-divider--bg-round{--divider-pattern-repeat:round}.rtl .elementor-widget-divider .elementor-divider__text{direction:rtl}.e-con-inner>.elementor-widget-divider,.e-con>.elementor-widget-divider{width:var(--container-widget-width,100%);--flex-grow:var(--container-widget-flex-grow)}<\/style>\t\t<div class=\"elementor-divider\">\n\t\t\t<span class=\"elementor-divider-separator\">\n\t\t\t\t\t\t<\/span>\n\t\t<\/div>\n\t\t\t\t<\/div>\n\t\t\t\t<\/div>\n\t\t\t\t\t<\/div>\n\t\t\t\t<\/div>\n\t\t<div class=\"elementor-element elementor-element-1eb47ac5 e-flex e-con-boxed e-con e-parent\" data-id=\"1eb47ac5\" data-element_type=\"container\" data-settings=\"{&quot;content_width&quot;:&quot;boxed&quot;}\" data-core-v316-plus=\"true\">\n\t\t\t\t\t<div class=\"e-con-inner\">\n\t\t\t\t<div class=\"elementor-element elementor-element-4496ebd0 elementor-widget elementor-widget-text-editor\" data-id=\"4496ebd0\" data-element_type=\"widget\" data-widget_type=\"text-editor.default\">\n\t\t\t\t<div class=\"elementor-widget-container\">\n\t\t\t<style>\/*! elementor - v3.18.0 - 20-12-2023 *\/\n.elementor-widget-text-editor.elementor-drop-cap-view-stacked .elementor-drop-cap{background-color:#69727d;color:#fff}.elementor-widget-text-editor.elementor-drop-cap-view-framed .elementor-drop-cap{color:#69727d;border:3px solid;background-color:transparent}.elementor-widget-text-editor:not(.elementor-drop-cap-view-default) .elementor-drop-cap{margin-top:8px}.elementor-widget-text-editor:not(.elementor-drop-cap-view-default) .elementor-drop-cap-letter{width:1em;height:1em}.elementor-widget-text-editor .elementor-drop-cap{float:left;text-align:center;line-height:1;font-size:50px}.elementor-widget-text-editor .elementor-drop-cap-letter{display:inline-block}<\/style>\t\t\t\t<h1><span style=\"color: var(--ast-global-color-2); font-size: 1.125rem; font-style: inherit; text-align: var(--text-align);\">Apresenta\u00e7\u00e3o<\/span><\/h1><p>Em 2019 a Uni\u00e3o Cearense de Gamers (UCEG) inicia a\u00a0<strong>LIGA MASTERS CHAMPIONSHIPS<\/strong>\u00a0com a proposta de ter e promover o cen\u00e1rio de E-SPORTS no estado do Cear\u00e1. Desde sua cria\u00e7\u00e3o em 2012 a UCEG promoveu e apoiou muitos campeonatos, inclusive de grande porte em nosso estado. Era mais do que a hora de haver uma iniciativa que congregasse e possibilitasse mais campeonatos para nossos players.<br \/>Nesta p\u00e1gina listaremos o HIST\u00d3RICO, bem como nosso RANKING OFICIAL dos campeonatos realizados com nossos campe\u00f5es.<\/p><p>\u00a0<\/p>\t\t\t\t\t\t<\/div>\n\t\t\t\t<\/div>\n\t\t\t\t\t<\/div>\n\t\t\t\t<\/div>\n\t\t<div class=\"elementor-element elementor-element-8dd334e e-flex e-con-boxed e-con e-parent\" data-id=\"8dd334e\" data-element_type=\"container\" data-settings=\"{&quot;content_width&quot;:&quot;boxed&quot;}\" data-core-v316-plus=\"true\">\n\t\t\t\t\t<div class=\"e-con-inner\">\n\t\t\t\t<div class=\"elementor-element elementor-element-83c047b elementor-widget-divider--view-line elementor-widget elementor-widget-divider\" data-id=\"83c047b\" data-element_type=\"widget\" data-widget_type=\"divider.default\">\n\t\t\t\t<div class=\"elementor-widget-container\">\n\t\t\t\t\t<div class=\"elementor-divider\">\n\t\t\t<span class=\"elementor-divider-separator\">\n\t\t\t\t\t\t<\/span>\n\t\t<\/div>\n\t\t\t\t<\/div>\n\t\t\t\t<\/div>\n\t\t\t\t\t<\/div>\n\t\t\t\t<\/div>\n\t\t<div class=\"elementor-element elementor-element-85f7211 e-flex e-con-boxed e-con e-parent\" data-id=\"85f7211\" data-element_type=\"container\" data-settings=\"{&quot;content_width&quot;:&quot;boxed&quot;}\" data-core-v316-plus=\"true\">\n\t\t\t\t\t<div class=\"e-con-inner\">\n\t\t\t\t<div class=\"elementor-element elementor-element-01a9840 elementor-widget elementor-widget-text-editor\" data-id=\"01a9840\" data-element_type=\"widget\" data-widget_type=\"text-editor.default\">\n\t\t\t\t<div class=\"elementor-widget-container\">\n\t\t\t\t\t\t\t<p><a href=\"https:\/\/ucegamers.com.br\/novo\/masters-2024\/\"><strong>Hist\u00f3rico do ano 2024<\/strong><\/a>\u00a0 &#8211; <a href=\"https:\/\/ucegamers.com.br\/site2023\/masters\/\"><strong>Hist\u00f3rico do ano 2023<\/strong><\/a>\u00a0 &#8211;\u00a0<a href=\"https:\/\/ucegamers.com.br\/site2023\/masters-championship-2022\/\"><strong>Hist\u00f3rico do ano 2022<\/strong><\/a><\/p>\t\t\t\t\t\t<\/div>\n\t\t\t\t<\/div>\n\t\t\t\t\t<\/div>\n\t\t\t\t<\/div>\n\t\t<div class=\"elementor-element elementor-element-dae52eb e-flex e-con-boxed e-con e-parent\" data-id=\"dae52eb\" data-element_type=\"container\" data-settings=\"{&quot;content_width&quot;:&quot;boxed&quot;}\" data-core-v316-plus=\"true\">\n\t\t\t\t\t<div class=\"e-con-inner\">\n\t\t\t\t<div class=\"elementor-element elementor-element-fb7ec24 elementor-widget-divider--view-line elementor-widget elementor-widget-divider\" data-id=\"fb7ec24\" data-element_type=\"widget\" data-widget_type=\"divider.default\">\n\t\t\t\t<div class=\"elementor-widget-container\">\n\t\t\t\t\t<div class=\"elementor-divider\">\n\t\t\t<span class=\"elementor-divider-separator\">\n\t\t\t\t\t\t<\/span>\n\t\t<\/div>\n\t\t\t\t<\/div>\n\t\t\t\t<\/div>\n\t\t\t\t\t<\/div>\n\t\t\t\t<\/div>\n\t\t<div class=\"elementor-element elementor-element-b0f6ab2 e-flex e-con-boxed e-con e-parent\" data-id=\"b0f6ab2\" data-element_type=\"container\" data-settings=\"{&quot;content_width&quot;:&quot;boxed&quot;}\" data-core-v316-plus=\"true\">\n\t\t\t\t\t<div class=\"e-con-inner\">\n\t\t\t\t<div class=\"elementor-element elementor-element-cf50290 elementor-widget elementor-widget-text-editor\" data-id=\"cf50290\" data-element_type=\"widget\" data-widget_type=\"text-editor.default\">\n\t\t\t\t<div class=\"elementor-widget-container\">\n\t\t\t\t\t\t\t<h3><strong>Pr\u00f3ximos eventos<\/strong><\/h3><p>\u00a0<\/p><p><strong>FEIRA DO CONHECIMENTO 2025<\/strong><\/p>\t\t\t\t\t\t<\/div>\n\t\t\t\t<\/div>\n\t\t\t\t\t<\/div>\n\t\t\t\t<\/div>\n\t\t<div class=\"elementor-element elementor-element-4b0b261 e-flex e-con-boxed e-con e-parent\" data-id=\"4b0b261\" data-element_type=\"container\" data-settings=\"{&quot;content_width&quot;:&quot;boxed&quot;}\" data-core-v316-plus=\"true\">\n\t\t\t\t\t<div class=\"e-con-inner\">\n\t\t\t\t<div class=\"elementor-element elementor-element-3b3464b elementor-widget elementor-widget-text-editor\" data-id=\"3b3464b\" data-element_type=\"widget\" data-widget_type=\"text-editor.default\">\n\t\t\t\t<div class=\"elementor-widget-container\">\n\t\t\t\t\t\t\t\t\t\t\t\t\t<\/div>\n\t\t\t\t<\/div>\n\t\t\t\t<div class=\"elementor-element elementor-element-44051c2 elementor-widget elementor-widget-image\" data-id=\"44051c2\" data-element_type=\"widget\" data-widget_type=\"image.default\">\n\t\t\t\t<div class=\"elementor-widget-container\">\n\t\t\t\t\t\t\t\t\t\t\t\t\t\t\t<img decoding=\"async\" width=\"768\" height=\"402\" src=\"https:\/\/ucegamers.com.br\/novo\/wp-content\/uploads\/2025\/10\/INSCRICOES-FEIRA-2025-1-768x402.png\" class=\"attachment-medium_large size-medium_large wp-image-1232\" alt=\"\" srcset=\"https:\/\/ucegamers.com.br\/novo\/wp-content\/uploads\/2025\/10\/INSCRICOES-FEIRA-2025-1-768x402.png 768w, https:\/\/ucegamers.com.br\/novo\/wp-content\/uploads\/2025\/10\/INSCRICOES-FEIRA-2025-1-300x157.png 300w, https:\/\/ucegamers.com.br\/novo\/wp-content\/uploads\/2025\/10\/INSCRICOES-FEIRA-2025-1-1024x536.png 1024w, https:\/\/ucegamers.com.br\/novo\/wp-content\/uploads\/2025\/10\/INSCRICOES-FEIRA-2025-1-1536x804.png 1536w, https:\/\/ucegamers.com.br\/novo\/wp-content\/uploads\/2025\/10\/INSCRICOES-FEIRA-2025-1.png 1600w\" sizes=\"(max-width: 768px) 100vw, 768px\" \/>\t\t\t\t\t\t\t\t\t\t\t\t\t\t\t<\/div>\n\t\t\t\t<\/div>\n\t\t\t\t<div class=\"elementor-element elementor-element-eecd6f4 elementor-widget-divider--view-line elementor-widget elementor-widget-divider\" data-id=\"eecd6f4\" data-element_type=\"widget\" data-widget_type=\"divider.default\">\n\t\t\t\t<div class=\"elementor-widget-container\">\n\t\t\t\t\t<div class=\"elementor-divider\">\n\t\t\t<span class=\"elementor-divider-separator\">\n\t\t\t\t\t\t<\/span>\n\t\t<\/div>\n\t\t\t\t<\/div>\n\t\t\t\t<\/div>\n\t\t\t\t<div class=\"elementor-element elementor-element-6f4b343 elementor-widget elementor-widget-text-editor\" data-id=\"6f4b343\" data-element_type=\"widget\" data-widget_type=\"text-editor.default\">\n\t\t\t\t<div class=\"elementor-widget-container\">\n\t\t\t\t\t\t\t<div><span style=\"font-weight: bold;\">INFORMA\u00c7\u00d5ES E INSCRI\u00c7\u00d5ES DOS CAMPEONATOS DA FEIRA DO CONHECIMENTO<\/span><\/div><ul><li style=\"font-size: 16px; font-style: normal; font-weight: 400;\">Campeonato &#8211; League of Legends &#8211; <strong><a href=\"https:\/\/forms.gle\/hSW9bXhGwAK94obK7\" target=\"_blank\" rel=\"noopener\">INSCRI\u00c7\u00d5ES<\/a> &#8211; <a href=\"https:\/\/drive.google.com\/file\/d\/1qW0Qx5ZzYmepU0yPo1Cpyt5JXq9kKTl5\/view?usp=sharing\">Edital<\/a><\/strong><\/li><li style=\"font-size: 16px; font-style: normal; font-weight: 400;\">Campeonato &#8211; Valorant &#8211; <strong><a href=\"https:\/\/forms.gle\/vrSZnk4s1iCbUma96\" target=\"_blank\" rel=\"noopener\">INSCRI\u00c7\u00d5ES<\/a> &#8211; <a href=\"https:\/\/drive.google.com\/file\/d\/1288QEtmN2Lvt6l_Pn3HVuQT1NCuN1t0v\/view?usp=sharing\" target=\"_blank\" rel=\"noopener\">Edital<\/a><\/strong><\/li><li style=\"font-size: 16px; font-style: normal; font-weight: 400;\">#Campeonato &#8211; TEKKEN &#8211; <strong><a href=\"https:\/\/forms.gle\/K5hiUupfH953ePFw8\" target=\"_blank\" rel=\"noopener\">INSCRI\u00c7\u00d5ES<\/a> &#8211; <a href=\"https:\/\/drive.google.com\/file\/d\/1I5pJ3xWgkUyXa4mq-DT3-yCC8MgC9DLw\/view?usp=sharing\" target=\"_blank\" rel=\"noopener\">Edital<\/a><\/strong><\/li><li style=\"font-size: 16px; font-style: normal; font-weight: 400;\">Campeonato &#8211; E-Footbal &#8211; <strong><a href=\"https:\/\/forms.gle\/5iSDJ696PCeJbMDJ6\" target=\"_blank\" rel=\"noopener\">INSCRI\u00c7\u00d5ES<\/a> &#8211; <a href=\"https:\/\/drive.google.com\/file\/d\/1A4lrQ2WhAjAsvbrhT25UZNa2heeXSprN\/view?usp=sharing\" target=\"_blank\" rel=\"noopener\">Edital<\/a><\/strong><\/li><li>Campeonato &#8211; JUST DANCE &#8211; <strong><a href=\"https:\/\/forms.gle\/g1JNkLcgAPWwDTKn6\" target=\"_blank\" rel=\"noopener\">INSCRI\u00c7\u00d5ES<\/a> &#8211; <a href=\"https:\/\/drive.google.com\/file\/d\/12nDaY6g11ZOHqdMo-U7jdhirgD5DJCuT\/view?usp=sharing\" target=\"_blank\" rel=\"noopener\">Edital<\/a><\/strong><\/li><\/ul>\t\t\t\t\t\t<\/div>\n\t\t\t\t<\/div>\n\t\t\t\t<div class=\"elementor-element elementor-element-24097e2 elementor-widget elementor-widget-text-editor\" data-id=\"24097e2\" data-element_type=\"widget\" data-widget_type=\"text-editor.default\">\n\t\t\t\t<div class=\"elementor-widget-container\">\n\t\t\t\t\t\t\t\t\t\t\t\t\t<\/div>\n\t\t\t\t<\/div>\n\t\t\t\t<div class=\"elementor-element elementor-element-a6813b0 elementor-widget-divider--view-line elementor-widget elementor-widget-divider\" data-id=\"a6813b0\" data-element_type=\"widget\" data-widget_type=\"divider.default\">\n\t\t\t\t<div class=\"elementor-widget-container\">\n\t\t\t\t\t<div class=\"elementor-divider\">\n\t\t\t<span class=\"elementor-divider-separator\">\n\t\t\t\t\t\t<\/span>\n\t\t<\/div>\n\t\t\t\t<\/div>\n\t\t\t\t<\/div>\n\t\t\t\t\t<\/div>\n\t\t\t\t<\/div>\n\t\t\t\t\t\t\t<\/div>\n\t\t","protected":false},"excerpt":{"rendered":"<p>\u2014 UCEG MASTERS CHAMPIONSHIPS 2025 \u2014 Apresenta\u00e7\u00e3o Em 2019 a Uni\u00e3o Cearense de Gamers (UCEG) inicia a\u00a0LIGA MASTERS CHAMPIONSHIPS\u00a0com a proposta de ter e promover o cen\u00e1rio de E-SPORTS no estado do Cear\u00e1. Desde sua cria\u00e7\u00e3o em 2012 a UCEG promoveu e apoiou muitos campeonatos, inclusive de grande porte em nosso estado. Era mais do &hellip;<\/p>\n<p class=\"read-more\"> <a class=\"\" href=\"https:\/\/ucegamers.com.br\/novo\/masters\/\"> <span class=\"screen-reader-text\">Masters<\/span> Read More &raquo;<\/a><\/p>\n","protected":false},"author":1,"featured_media":0,"parent":0,"menu_order":0,"comment_status":"closed","ping_status":"closed","template":"","meta":{"site-sidebar-layout":"no-sidebar","site-content-layout":"page-builder","ast-site-content-layout":"full-width-container","site-content-style":"unboxed","site-sidebar-style":"unboxed","ast-global-header-display":"","ast-banner-title-visibility":"","ast-main-header-display":"","ast-hfb-above-header-display":"","ast-hfb-below-header-display":"","ast-hfb-mobile-header-display":"","site-post-title":"disabled","ast-breadcrumbs-content":"disabled","ast-featured-img":"disabled","footer-sml-layout":"","theme-transparent-header-meta":"default","adv-header-id-meta":"","stick-header-meta":"","header-above-stick-meta":"","header-main-stick-meta":"","header-below-stick-meta":"","astra-migrate-meta-layouts":"set","ast-page-background-enabled":"default","ast-page-background-meta":{"desktop":{"background-color":"","background-image":"","background-repeat":"repeat","background-position":"center center","background-size":"auto","background-attachment":"scroll","background-type":"","background-media":"","overlay-type":"","overlay-color":"","overlay-gradient":""},"tablet":{"background-color":"","background-image":"","background-repeat":"repeat","background-position":"center center","background-size":"auto","background-attachment":"scroll","background-type":"","background-media":"","overlay-type":"","overlay-color":"","overlay-gradient":""},"mobile":{"background-color":"","background-image":"","background-repeat":"repeat","background-position":"center center","background-size":"auto","background-attachment":"scroll","background-type":"","background-media":"","overlay-type":"","overlay-color":"","overlay-gradient":""}},"ast-content-background-meta":{"desktop":{"background-color":"var(--ast-global-color-5)","background-image":"","background-repeat":"repeat","background-position":"center center","background-size":"auto","background-attachment":"scroll","background-type":"","background-media":"","overlay-type":"","overlay-color":"","overlay-gradient":""},"tablet":{"background-color":"var(--ast-global-color-5)","background-image":"","background-repeat":"repeat","background-position":"center center","background-size":"auto","background-attachment":"scroll","background-type":"","background-media":"","overlay-type":"","overlay-color":"","overlay-gradient":""},"mobile":{"background-color":"var(--ast-global-color-5)","background-image":"","background-repeat":"repeat","background-position":"center center","background-size":"auto","background-attachment":"scroll","background-type":"","background-media":"","overlay-type":"","overlay-color":"","overlay-gradient":""}},"footnotes":""},"class_list":["post-1147","page","type-page","status-publish","hentry"],"_links":{"self":[{"href":"https:\/\/ucegamers.com.br\/novo\/wp-json\/wp\/v2\/pages\/1147","targetHints":{"allow":["GET"]}}],"collection":[{"href":"https:\/\/ucegamers.com.br\/novo\/wp-json\/wp\/v2\/pages"}],"about":[{"href":"https:\/\/ucegamers.com.br\/novo\/wp-json\/wp\/v2\/types\/page"}],"author":[{"embeddable":true,"href":"https:\/\/ucegamers.com.br\/novo\/wp-json\/wp\/v2\/users\/1"}],"replies":[{"embeddable":true,"href":"https:\/\/ucegamers.com.br\/novo\/wp-json\/wp\/v2\/comments?post=1147"}],"version-history":[{"count":69,"href":"https:\/\/ucegamers.com.br\/novo\/wp-json\/wp\/v2\/pages\/1147\/revisions"}],"predecessor-version":[{"id":1255,"href":"https:\/\/ucegamers.com.br\/novo\/wp-json\/wp\/v2\/pages\/1147\/revisions\/1255"}],"wp:attachment":[{"href":"https:\/\/ucegamers.com.br\/novo\/wp-json\/wp\/v2\/media?parent=1147"}],"curies":[{"name":"wp","href":"https:\/\/api.w.org\/{rel}","templated":true}]}}